{"id":91,"date":"2010-01-29T19:02:09","date_gmt":"2010-01-29T18:02:09","guid":{"rendered":"http:\/\/www.amalesperanza.org\/?page_id=91"},"modified":"2017-04-09T21:41:53","modified_gmt":"2017-04-09T19:41:53","slug":"campanas-2","status":"publish","type":"page","link":"https:\/\/www.amalesperanza.org\/?page_id=91","title":{"rendered":"VACACIONES EN PAZ"},"content":{"rendered":"<p style=\"text-align: justify;\"><span style=\"color: #008080; text-align: justify;\"><img loading=\"lazy\" decoding=\"async\" class=\"aligncenter size-full wp-image-3529\" title=\"vacaciones_w01\" src=\"https:\/\/www.amalesperanza.org\/wp-content\/uploads\/2010\/01\/vacaciones_w01.jpg\" alt=\"\" width=\"500\" height=\"156\" srcset=\"https:\/\/www.amalesperanza.org\/wp-content\/uploads\/2010\/01\/vacaciones_w01.jpg 500w, https:\/\/www.amalesperanza.org\/wp-content\/uploads\/2010\/01\/vacaciones_w01-300x93.jpg 300w\" sizes=\"auto, (max-width: 500px) 100vw, 500px\" \/>AMAL ESPERANZA organiza cada a\u00f1o el programa <\/span><strong style=\"color: #008080; text-align: justify;\">VACACIONES EN PAZ<\/strong><span style=\"color: #008080; text-align: justify;\">, que consiste en la acogida de ni\u00f1os saharauis en familias de <strong>El Puerto de Santa Mar\u00eda<\/strong> (C\u00e1diz) durante los meses de julio y agosto, y se plantea en un marco de solidaridad y de ayuda desinteresada con el fin de ofrecer unas vacaciones a estos ni\u00f1os que han nacido y viven en el desierto, en los Campamentos de Refugiados de Tinduf (Argelia).<\/span><\/p>\n<p style=\"text-align: justify;\"><strong style=\"color: #008080;\">\u00bfPor qu\u00e9 se lleva a cabo? \u00a0<\/strong><\/p>\n<p style=\"text-align: justify;\"><span style=\"color: #008080;\">Existen varias razones por las que este proyecto se lleva a cabo:<\/span><\/p>\n<p style=\"text-align: justify;\"><span style=\"color: #008080;\">&#8211; Por razones de salud: se les brinda la oportunidad de una revisi\u00f3n m\u00e9dica que les permita corregir posibles enfermedades, as\u00ed como de curar en caso de estar enfermos. Asimismo, se les brinda la oportunidad de una alimentaci\u00f3n en condiciones durante estos meses, ya que suelen estar faltos de vitaminas y de hierro. Tambi\u00e9n se les quita del tremendo calor del desierto en el verano.<\/span><\/p>\n<p style=\"text-align: justify;\"><span style=\"color: #008080;\">&#8211; Por razones de intercambio cultural: para ofrecerles la oportunidad de conocer formas distintas de vida, de manera que ello contribuya a su formaci\u00f3n y a mejorar la comunicaci\u00f3n y el entendimiento entre el pueblo saharaui y el nuestro. No podemos olvidar que estos ni\u00f1os han nacido en medio de la guerra y est\u00e1n sometidos a\u00fan hoy a sus duras consecuencias.<\/span><\/p>\n<p style=\"text-align: justify;\"><span style=\"color: #008080;\">&#8211; Por razones pol\u00edticas: estos ni\u00f1os son embajadores, de propio derecho, de su pueblo y de su causa; de un pueblo que lucha por su autodeterminaci\u00f3n y por la recuperaci\u00f3n de su territorio, ocupado por Marruecos.<\/span><\/p>\n<figure id=\"attachment_3532\" aria-describedby=\"caption-attachment-3532\" style=\"width: 210px\" class=\"wp-caption alignright\"><img loading=\"lazy\" decoding=\"async\" class=\"size-full wp-image-3532 \" title=\"vacaciones premio_voluntariado\" src=\"https:\/\/www.amalesperanza.org\/wp-content\/uploads\/2010\/01\/vacaciones-premio_voluntariado.jpg\" alt=\"\" width=\"210\" height=\"232\" \/><figcaption id=\"caption-attachment-3532\" class=\"wp-caption-text\">PROYECTO VACACIONES EN PAZ &#8211; PREMIO ANDALUZ AL VOLUNTARIADO 2008<\/figcaption><\/figure>\n<p style=\"text-align: justify;\"><span style=\"color: #008080;\">Ellas y ellos ser\u00e1n la voz viva y directa del grito de su pueblo, de la transmisi\u00f3n de la causa de su pueblo, de la lucha a la que est\u00e1 sometido su pueblo, y nos pedir\u00e1n SOLIDARIDAD para que muy pronto puedan volver a su tierra libre de toda opresi\u00f3n y de toda dominaci\u00f3n extranjera.<\/span><\/p>\n<p style=\"text-align: justify;\"><strong style=\"color: #008080;\">\u00bfQu\u00e9 requisitos son necesarios para acoger a un ni\u00f1o\/a saharaui?<\/strong><\/p>\n<p style=\"text-align: justify;\"><span style=\"color: #008080;\">El \u00fanico requisito para acoger durante el verano a uno de estos ni\u00f1os y ni\u00f1as es querer acogerlos. En una palabra: Ser SOLIDARIOS CON EL PUEBLO SAHARAUI.<\/span><\/p>\n<p style=\"text-align: justify;\"><strong style=\"color: #008080;\">\u00bfCuesta dinero acoger a un ni\u00f1o\/a saharaui?<\/strong><\/p>\n<p style=\"text-align: justify;\"><span style=\"color: #008080;\">Como todo proyecto, este tambi\u00e9n est\u00e1 necesitado de dinero, pues para que los ni\u00f1os vengan hay que pagarles el billete de avi\u00f3n de ida y vuelta. El importe que tiene que abonar la familia acogedora depende del dinero que la asociaci\u00f3n haya recaudado en las actividades realizadas con tal fin (cenas solidarias, rifas, festivales, etc.), y de las subvenciones y donaciones recibidas por entidades y particulares.<\/span><\/p>\n<p style=\"text-align: justify;\"><strong style=\"color: #008080;\">\u00bfQu\u00e9 debo hacer para acoger a un ni\u00f1o saharaui?<\/strong><\/p>\n<p style=\"text-align: justify;\"><span style=\"color: #008080;\">Ponerse en contacto con la Asociaci\u00f3n AMAL ESPERANZA, llamando al tel\u00e9fono <\/span><strong style=\"color: #008080;\">634.524.582<\/strong><span style=\"color: #008080;\">, contactando a trav\u00e9s del correo electr\u00f3nico <\/span><a href=\"mailto:info@amalesperanza.org\"><span style=\"color: #008080;\">info@amalesperanza.org<\/span><\/a><span style=\"color: #008080;\">, o acerc\u00e1ndose a nuestra sede, cualquier martes de 20:30 a 22:30, en la calle Calvario 12.<\/span><\/p>\n<p style=\"text-align: justify;\"><span style=\"color: #008080;\"><img loading=\"lazy\" decoding=\"async\" class=\"alignleft size-full wp-image-3535\" title=\"vacaciones_w02\" src=\"https:\/\/www.amalesperanza.org\/wp-content\/uploads\/2010\/01\/vacaciones_w02.jpg\" alt=\"\" width=\"150\" height=\"479\" \/>Se le convocar\u00e1 a una reuni\u00f3n, donde se le informar\u00e1 de todos los detalles y de cualquier duda.<\/span><\/p>\n<p style=\"text-align: justify;\"><span style=\"color: #008080;\"><strong>\u00bfHay que tratar de forma especial a estos ni\u00f1os?<\/strong><\/span><\/p>\n<p style=\"text-align: justify;\"><span style=\"color: #008080;\">No. Recomendamos tratarlo como a un miembro m\u00e1s de la familia. Tan solo hay que respetar sus costumbres.<\/span><\/p>\n<p style=\"text-align: justify;\"><span style=\"color: #008080;\"><strong>\u00bfY el idioma?<\/strong><\/span><\/p>\n<p style=\"text-align: justify;\"><span style=\"color: #008080;\">No hay que preocuparse, la mayor\u00eda de los ni\u00f1os hablan y entienden algo de espa\u00f1ol. En cualquier caso, aprenden r\u00e1pido.<\/span><\/p>\n<p style=\"text-align: justify;\"><strong><span style=\"color: #008080;\">Si quiere recibir informaci\u00f3n sobre la campa\u00f1a puede\u00a0escribirnos a\u00a0<a style=\"color: #008080;\" href=\"mailto:info@amalesperanza.org\"><span style=\"color: #008080;\">info@amalesperanza.org<\/span><\/a>, indicando en el asunto \u201cVACACIONES\u201d; o bien\u00a0h\u00e1galo\u00a0a\u00a0trav\u00e9s\u00a0del siguiente formulario:<\/span><\/strong><\/p>\n<p><strong><span style=\"text-decoration: underline;\">CONTACTE<\/span><\/strong><\/p>\n\n<div class=\"wpcf7 no-js\" id=\"wpcf7-f5703-o1\" lang=\"es-ES\" dir=\"ltr\" data-wpcf7-id=\"5703\">\n<div class=\"screen-reader-response\"><p role=\"status\" aria-live=\"polite\" aria-atomic=\"true\"><\/p> <ul><\/ul><\/div>\n<form action=\"\/index.php?rest_route=%2Fwp%2Fv2%2Fpages%2F91#wpcf7-f5703-o1\" method=\"post\" class=\"wpcf7-form init\" aria-label=\"Formulario de contacto\" novalidate=\"novalidate\" data-status=\"init\">\n<fieldset class=\"hidden-fields-container\"><input type=\"hidden\" name=\"_wpcf7\" value=\"5703\" \/><input type=\"hidden\" name=\"_wpcf7_version\" value=\"6.1.4\" \/><input type=\"hidden\" name=\"_wpcf7_locale\" value=\"es_ES\" \/><input type=\"hidden\" name=\"_wpcf7_unit_tag\" value=\"wpcf7-f5703-o1\" \/><input type=\"hidden\" name=\"_wpcf7_container_post\" value=\"0\" \/><input type=\"hidden\" name=\"_wpcf7_posted_data_hash\" value=\"\" \/>\n<\/fieldset>\n<p><label> Nombre (requerido)<br \/>\n<span class=\"wpcf7-form-control-wrap\" data-name=\"your-name\"><input size=\"40\" maxlength=\"400\" class=\"wpcf7-form-control wpcf7-text wpcf7-validates-as-required\" aria-required=\"true\" aria-invalid=\"false\" value=\"\" type=\"text\" name=\"your-name\" \/><\/span> <\/label>\n<\/p>\n<p><label> Tu correo electr\u00f3nico (requerido)<br \/>\n<span class=\"wpcf7-form-control-wrap\" data-name=\"your-email\"><input size=\"40\" maxlength=\"400\" class=\"wpcf7-form-control wpcf7-email wpcf7-validates-as-required wpcf7-text wpcf7-validates-as-email\" aria-required=\"true\" aria-invalid=\"false\" value=\"\" type=\"email\" name=\"your-email\" \/><\/span> <\/label>\n<\/p>\n<p><label> Asunto<br \/>\n<span class=\"wpcf7-form-control-wrap\" data-name=\"your-subject\"><input size=\"40\" maxlength=\"400\" class=\"wpcf7-form-control wpcf7-text\" aria-invalid=\"false\" value=\"\" type=\"text\" name=\"your-subject\" \/><\/span> <\/label>\n<\/p>\n<p><label> Mensaje<br \/>\n<span class=\"wpcf7-form-control-wrap\" data-name=\"your-message\"><textarea cols=\"40\" rows=\"10\" maxlength=\"2000\" class=\"wpcf7-form-control wpcf7-textarea\" aria-invalid=\"false\" name=\"your-message\"><\/textarea><\/span> <\/label>\n<\/p>\n<p><input class=\"wpcf7-form-control wpcf7-submit has-spinner\" type=\"submit\" value=\"Enviar\" \/>\n<\/p><p style=\"display: none !important;\" class=\"akismet-fields-container\" data-prefix=\"_wpcf7_ak_\"><label>&#916;<textarea name=\"_wpcf7_ak_hp_textarea\" cols=\"45\" rows=\"8\" maxlength=\"100\"><\/textarea><\/label><input type=\"hidden\" id=\"ak_js_1\" name=\"_wpcf7_ak_js\" value=\"50\"\/><script>document.getElementById( \"ak_js_1\" ).setAttribute( \"value\", ( new Date() ).getTime() );<\/script><\/p><div class=\"wpcf7-response-output\" aria-hidden=\"true\"><\/div>\n<\/form>\n<\/div>\n\n","protected":false},"excerpt":{"rendered":"<p>AMAL ESPERANZA organiza cada a\u00f1o el programa VACACIONES EN PAZ, que consiste en la acogida de ni\u00f1os saharauis en familias de El Puerto de Santa Mar\u00eda (C\u00e1diz) durante los meses de julio y agosto, y se plantea en un marco de solidaridad y de ayuda desinteresada con el fin de ofrecer unas vacaciones a estos &hellip; <a href=\"https:\/\/www.amalesperanza.org\/?page_id=91\" class=\"more-link\">Sigue leyendo <span class=\"screen-reader-text\">VACACIONES EN PAZ<\/span><\/a><\/p>\n","protected":false},"author":3,"featured_media":0,"parent":0,"menu_order":4,"comment_status":"closed","ping_status":"closed","template":"","meta":{"footnotes":""},"class_list":["post-91","page","type-page","status-publish","hentry"],"_links":{"self":[{"href":"https:\/\/www.amalesperanza.org\/index.php?rest_route=\/wp\/v2\/pages\/91","targetHints":{"allow":["GET"]}}],"collection":[{"href":"https:\/\/www.amalesperanza.org\/index.php?rest_route=\/wp\/v2\/pages"}],"about":[{"href":"https:\/\/www.amalesperanza.org\/index.php?rest_route=\/wp\/v2\/types\/page"}],"author":[{"embeddable":true,"href":"https:\/\/www.amalesperanza.org\/index.php?rest_route=\/wp\/v2\/users\/3"}],"replies":[{"embeddable":true,"href":"https:\/\/www.amalesperanza.org\/index.php?rest_route=%2Fwp%2Fv2%2Fcomments&post=91"}],"version-history":[{"count":42,"href":"https:\/\/www.amalesperanza.org\/index.php?rest_route=\/wp\/v2\/pages\/91\/revisions"}],"predecessor-version":[{"id":5704,"href":"https:\/\/www.amalesperanza.org\/index.php?rest_route=\/wp\/v2\/pages\/91\/revisions\/5704"}],"wp:attachment":[{"href":"https:\/\/www.amalesperanza.org\/index.php?rest_route=%2Fwp%2Fv2%2Fmedia&parent=91"}],"curies":[{"name":"wp","href":"https:\/\/api.w.org\/{rel}","templated":true}]}}

<p style="text-align: justify;"><span style="color: #008080; text-align: justify;"><img loading="lazy" decoding="async" class="aligncenter size-full wp-image-3529" title="vacaciones_w01" src="https://www.amalesperanza.org/wp-content/uploads/2010/01/vacaciones_w01.jpg" alt="" width="500" height="156" srcset="https://www.amalesperanza.org/wp-content/uploads/2010/01/vacaciones_w01.jpg 500w, https://www.amalesperanza.org/wp-content/uploads/2010/01/vacaciones_w01-300x93.jpg 300w" sizes="auto, (max-width: 500px) 100vw, 500px" />AMAL ESPERANZA organiza cada año el programa </span><strong style="color: #008080; text-align: justify;">VACACIONES EN PAZ</strong><span style="color: #008080; text-align: justify;">, que consiste en la acogida de niños saharauis en familias de <strong>El Puerto de Santa María</strong> (Cádiz) durante los meses de julio y agosto, y se plantea en un marco de solidaridad y de ayuda desinteresada con el fin de ofrecer unas vacaciones a estos niños que han nacido y viven en el desierto, en los Campamentos de Refugiados de Tinduf (Argelia).</span></p>
<p style="text-align: justify;"><strong style="color: #008080;">¿Por qué se lleva a cabo?  </strong></p>
<p style="text-align: justify;"><span style="color: #008080;">Existen varias razones por las que este proyecto se lleva a cabo:</span></p>
<p style="text-align: justify;"><span style="color: #008080;">&#8211; Por razones de salud: se les brinda la oportunidad de una revisión médica que les permita corregir posibles enfermedades, así como de curar en caso de estar enfermos. Asimismo, se les brinda la oportunidad de una alimentación en condiciones durante estos meses, ya que suelen estar faltos de vitaminas y de hierro. También se les quita del tremendo calor del desierto en el verano.</span></p>
<p style="text-align: justify;"><span style="color: #008080;">&#8211; Por razones de intercambio cultural: para ofrecerles la oportunidad de conocer formas distintas de vida, de manera que ello contribuya a su formación y a mejorar la comunicación y el entendimiento entre el pueblo saharaui y el nuestro. No podemos olvidar que estos niños han nacido en medio de la guerra y están sometidos aún hoy a sus duras consecuencias.</span></p>
<p style="text-align: justify;"><span style="color: #008080;">&#8211; Por razones políticas: estos niños son embajadores, de propio derecho, de su pueblo y de su causa; de un pueblo que lucha por su autodeterminación y por la recuperación de su territorio, ocupado por Marruecos.</span></p>
<figure id="attachment_3532" aria-describedby="caption-attachment-3532" style="width: 210px" class="wp-caption alignright"><img loading="lazy" decoding="async" class="size-full wp-image-3532 " title="vacaciones premio_voluntariado" src="https://www.amalesperanza.org/wp-content/uploads/2010/01/vacaciones-premio_voluntariado.jpg" alt="" width="210" height="232" /><figcaption id="caption-attachment-3532" class="wp-caption-text">PROYECTO VACACIONES EN PAZ &#8211; PREMIO ANDALUZ AL VOLUNTARIADO 2008</figcaption></figure>
<p style="text-align: justify;"><span style="color: #008080;">Ellas y ellos serán la voz viva y directa del grito de su pueblo, de la transmisión de la causa de su pueblo, de la lucha a la que está sometido su pueblo, y nos pedirán SOLIDARIDAD para que muy pronto puedan volver a su tierra libre de toda opresión y de toda dominación extranjera.</span></p>
<p style="text-align: justify;"><strong style="color: #008080;">¿Qué requisitos son necesarios para acoger a un niño/a saharaui?</strong></p>
<p style="text-align: justify;"><span style="color: #008080;">El único requisito para acoger durante el verano a uno de estos niños y niñas es querer acogerlos. En una palabra: Ser SOLIDARIOS CON EL PUEBLO SAHARAUI.</span></p>
<p style="text-align: justify;"><strong style="color: #008080;">¿Cuesta dinero acoger a un niño/a saharaui?</strong></p>
<p style="text-align: justify;"><span style="color: #008080;">Como todo proyecto, este también está necesitado de dinero, pues para que los niños vengan hay que pagarles el billete de avión de ida y vuelta. El importe que tiene que abonar la familia acogedora depende del dinero que la asociación haya recaudado en las actividades realizadas con tal fin (cenas solidarias, rifas, festivales, etc.), y de las subvenciones y donaciones recibidas por entidades y particulares.</span></p>
<p style="text-align: justify;"><strong style="color: #008080;">¿Qué debo hacer para acoger a un niño saharaui?</strong></p>
<p style="text-align: justify;"><span style="color: #008080;">Ponerse en contacto con la Asociación AMAL ESPERANZA, llamando al teléfono </span><strong style="color: #008080;">634.524.582</strong><span style="color: #008080;">, contactando a través del correo electrónico </span><a href="mailto:info@amalesperanza.org"><span style="color: #008080;">info@amalesperanza.org</span></a><span style="color: #008080;">, o acercándose a nuestra sede, cualquier martes de 20:30 a 22:30, en la calle Calvario 12.</span></p>
<p style="text-align: justify;"><span style="color: #008080;"><img loading="lazy" decoding="async" class="alignleft size-full wp-image-3535" title="vacaciones_w02" src="https://www.amalesperanza.org/wp-content/uploads/2010/01/vacaciones_w02.jpg" alt="" width="150" height="479" />Se le convocará a una reunión, donde se le informará de todos los detalles y de cualquier duda.</span></p>
<p style="text-align: justify;"><span style="color: #008080;"><strong>¿Hay que tratar de forma especial a estos niños?</strong></span></p>
<p style="text-align: justify;"><span style="color: #008080;">No. Recomendamos tratarlo como a un miembro más de la familia. Tan solo hay que respetar sus costumbres.</span></p>
<p style="text-align: justify;"><span style="color: #008080;"><strong>¿Y el idioma?</strong></span></p>
<p style="text-align: justify;"><span style="color: #008080;">No hay que preocuparse, la mayoría de los niños hablan y entienden algo de español. En cualquier caso, aprenden rápido.</span></p>
<p style="text-align: justify;"><strong><span style="color: #008080;">Si quiere recibir información sobre la campaña puede escribirnos a <a style="color: #008080;" href="mailto:info@amalesperanza.org"><span style="color: #008080;">info@amalesperanza.org</span></a>, indicando en el asunto “VACACIONES”; o bien hágalo a través del siguiente formulario:</span></strong></p>
<p><strong><span style="text-decoration: underline;">CONTACTE</span></strong></p>

<div class="wpcf7 no-js" id="wpcf7-f5703-o1" lang="es-ES" dir="ltr" data-wpcf7-id="5703">
<div class="screen-reader-response"><p role="status" aria-live="polite" aria-atomic="true"></p> <ul></ul></div>
<form action="/index.php?rest_route=%2Fwp%2Fv2%2Fpages%2F91#wpcf7-f5703-o1" method="post" class="wpcf7-form init" aria-label="Formulario de contacto" novalidate="novalidate" data-status="init">
<fieldset class="hidden-fields-container"><input type="hidden" name="_wpcf7" value="5703" /><input type="hidden" name="_wpcf7_version" value="6.1.4" /><input type="hidden" name="_wpcf7_locale" value="es_ES" /><input type="hidden" name="_wpcf7_unit_tag" value="wpcf7-f5703-o1" /><input type="hidden" name="_wpcf7_container_post" value="0" /><input type="hidden" name="_wpcf7_posted_data_hash" value="" />
</fieldset>
<p><label> Nombre (requerido)<br />
<span class="wpcf7-form-control-wrap" data-name="your-name"><input size="40" maxlength="400" class="wpcf7-form-control wpcf7-text wpcf7-validates-as-required" aria-required="true" aria-invalid="false" value="" type="text" name="your-name" /></span> </label>
</p>
<p><label> Tu correo electrónico (requerido)<br />
<span class="wpcf7-form-control-wrap" data-name="your-email"><input size="40" maxlength="400" class="wpcf7-form-control wpcf7-email wpcf7-validates-as-required wpcf7-text wpcf7-validates-as-email" aria-required="true" aria-invalid="false" value="" type="email" name="your-email" /></span> </label>
</p>
<p><label> Asunto<br />
<span class="wpcf7-form-control-wrap" data-name="your-subject"><input size="40" maxlength="400" class="wpcf7-form-control wpcf7-text" aria-invalid="false" value="" type="text" name="your-subject" /></span> </label>
</p>
<p><label> Mensaje<br />
<span class="wpcf7-form-control-wrap" data-name="your-message"><textarea cols="40" rows="10" maxlength="2000" class="wpcf7-form-control wpcf7-textarea" aria-invalid="false" name="your-message"></textarea></span> </label>
</p>
<p><input class="wpcf7-form-control wpcf7-submit has-spinner" type="submit" value="Enviar" />
</p><p style="display: none !important;" class="akismet-fields-container" data-prefix="_wpcf7_ak_"><label>&#916;<textarea name="_wpcf7_ak_hp_textarea" cols="45" rows="8" maxlength="100"></textarea></label><input type="hidden" id="ak_js_1" name="_wpcf7_ak_js" value="50"/><script>document.getElementById( "ak_js_1" ).setAttribute( "value", ( new Date() ).getTime() );</script></p><div class="wpcf7-response-output" aria-hidden="true"></div>
</form>
</div>

<p>AMAL ESPERANZA organiza cada año el programa VACACIONES EN PAZ, que consiste en la acogida de niños saharauis en familias de El Puerto de Santa María (Cádiz) durante los meses de julio y agosto, y se plantea en un marco de solidaridad y de ayuda desinteresada con el fin de ofrecer unas vacaciones a estos &hellip; <a href="https://www.amalesperanza.org/?page_id=91" class="more-link">Sigue leyendo <span class="screen-reader-text">VACACIONES EN PAZ</span></a></p>
