{"id":5878,"date":"2019-05-03T20:20:52","date_gmt":"2019-05-03T18:20:52","guid":{"rendered":"http:\/\/www.amalesperanza.org\/?page_id=5878"},"modified":"2019-05-03T20:29:51","modified_gmt":"2019-05-03T18:29:51","slug":"electrificacion-del-hospital-regional-de-dajla","status":"publish","type":"page","link":"https:\/\/www.amalesperanza.org\/?page_id=5878","title":{"rendered":"Electrificaci\u00f3n del Hospital Regional de Dajla"},"content":{"rendered":"<p class=\"m_-3292736934310389411MsoListParagraphCxSpMiddle\">El hospital regional de Dajla tiene un suministro de baja tensi\u00f3n de m\u00e1s de un kil\u00f3metro de longitud, lo que se traduce en bajas de voltaje permanente, desconexiones de aparatos m\u00e9dicos y aver\u00edas constantes, y la imposibilidad de garantizar un servicio m\u00ednimo a la poblaci\u00f3n de este campamentos que, recordemos, es el m\u00e1s alejado, a casi 200 kil\u00f3metros del hospital nacional de Rabuni.<u><\/u><u><\/u><\/p>\n<p class=\"m_-3292736934310389411MsoListParagraphCxSpMiddle\">Precisamente all\u00ed se construy\u00f3, tambi\u00e9n por Amal Esperanza y el grupo de Cooperaci\u00f3n Gaditana, una unidad quir\u00fargica que fuera capaz de dar un servicio m\u00ednimo que compensara esa lejan\u00eda.<u><\/u><u><\/u><\/p>\n<p class=\"m_-3292736934310389411MsoListParagraphCxSpMiddle\">Tras los compromisos adquiridos por la ciudad de C\u00e1diz en relaci\u00f3n con su hermanamiento don la wilaya de Dajla, en oto\u00f1o de 2018 se firmaron sendos protocolos de colaboraci\u00f3n en la financiaci\u00f3n de dicha obra entre Amal Esperanza y las empresas municipales gaditanas de agua y electricidad.<u><\/u><u><\/u><\/p>\n<p class=\"m_-3292736934310389411MsoListParagraphCxSpMiddle\">El proyecto, valorado en casi 40.000 \u20ac, se ha puesto en marcha durante la visita a Dajla del teniente de alcalde, Mart\u00edn Vila, en abril de 2019.<\/p>\n<p><a href=\"https:\/\/www.amalesperanza.org\/?attachment_id=5880\" rel=\"attachment wp-att-5880\"><img loading=\"lazy\" decoding=\"async\" class=\"aligncenter size-full wp-image-5880\" src=\"https:\/\/www.amalesperanza.org\/wp-content\/uploads\/2019\/05\/20190404_113210.jpg\" alt=\"\" width=\"5312\" height=\"2988\" srcset=\"https:\/\/www.amalesperanza.org\/wp-content\/uploads\/2019\/05\/20190404_113210.jpg 5312w, https:\/\/www.amalesperanza.org\/wp-content\/uploads\/2019\/05\/20190404_113210-300x169.jpg 300w, https:\/\/www.amalesperanza.org\/wp-content\/uploads\/2019\/05\/20190404_113210-768x432.jpg 768w, https:\/\/www.amalesperanza.org\/wp-content\/uploads\/2019\/05\/20190404_113210-1024x576.jpg 1024w\" sizes=\"auto, (max-width: 5312px) 100vw, 5312px\" \/><\/a><\/p>\n","protected":false},"excerpt":{"rendered":"<p>El hospital regional de Dajla tiene un suministro de baja tensi\u00f3n de m\u00e1s de un kil\u00f3metro de longitud, lo que se traduce en bajas de voltaje permanente, desconexiones de aparatos m\u00e9dicos y aver\u00edas constantes, y la imposibilidad de garantizar un servicio m\u00ednimo a la poblaci\u00f3n de este campamentos que, recordemos, es el m\u00e1s alejado, a &hellip; <a href=\"https:\/\/www.amalesperanza.org\/?page_id=5878\" class=\"more-link\">Sigue leyendo <span class=\"screen-reader-text\">Electrificaci\u00f3n del Hospital Regional de Dajla<\/span><\/a><\/p>\n","protected":false},"author":3,"featured_media":0,"parent":5671,"menu_order":5,"comment_status":"closed","ping_status":"closed","template":"","meta":{"footnotes":""},"class_list":["post-5878","page","type-page","status-publish","hentry"],"_links":{"self":[{"href":"https:\/\/www.amalesperanza.org\/index.php?rest_route=\/wp\/v2\/pages\/5878","targetHints":{"allow":["GET"]}}],"collection":[{"href":"https:\/\/www.amalesperanza.org\/index.php?rest_route=\/wp\/v2\/pages"}],"about":[{"href":"https:\/\/www.amalesperanza.org\/index.php?rest_route=\/wp\/v2\/types\/page"}],"author":[{"embeddable":true,"href":"https:\/\/www.amalesperanza.org\/index.php?rest_route=\/wp\/v2\/users\/3"}],"replies":[{"embeddable":true,"href":"https:\/\/www.amalesperanza.org\/index.php?rest_route=%2Fwp%2Fv2%2Fcomments&post=5878"}],"version-history":[{"count":1,"href":"https:\/\/www.amalesperanza.org\/index.php?rest_route=\/wp\/v2\/pages\/5878\/revisions"}],"predecessor-version":[{"id":5882,"href":"https:\/\/www.amalesperanza.org\/index.php?rest_route=\/wp\/v2\/pages\/5878\/revisions\/5882"}],"up":[{"embeddable":true,"href":"https:\/\/www.amalesperanza.org\/index.php?rest_route=\/wp\/v2\/pages\/5671"}],"wp:attachment":[{"href":"https:\/\/www.amalesperanza.org\/index.php?rest_route=%2Fwp%2Fv2%2Fmedia&parent=5878"}],"curies":[{"name":"wp","href":"https:\/\/api.w.org\/{rel}","templated":true}]}}

Electrificación del Hospital Regional de Dajla

<p class="m_-3292736934310389411MsoListParagraphCxSpMiddle">El hospital regional de Dajla tiene un suministro de baja tensión de más de un kilómetro de longitud, lo que se traduce en bajas de voltaje permanente, desconexiones de aparatos médicos y averías constantes, y la imposibilidad de garantizar un servicio mínimo a la población de este campamentos que, recordemos, es el más alejado, a casi 200 kilómetros del hospital nacional de Rabuni.<u></u><u></u></p>
<p class="m_-3292736934310389411MsoListParagraphCxSpMiddle">Precisamente allí se construyó, también por Amal Esperanza y el grupo de Cooperación Gaditana, una unidad quirúrgica que fuera capaz de dar un servicio mínimo que compensara esa lejanía.<u></u><u></u></p>
<p class="m_-3292736934310389411MsoListParagraphCxSpMiddle">Tras los compromisos adquiridos por la ciudad de Cádiz en relación con su hermanamiento don la wilaya de Dajla, en otoño de 2018 se firmaron sendos protocolos de colaboración en la financiación de dicha obra entre Amal Esperanza y las empresas municipales gaditanas de agua y electricidad.<u></u><u></u></p>
<p class="m_-3292736934310389411MsoListParagraphCxSpMiddle">El proyecto, valorado en casi 40.000 €, se ha puesto en marcha durante la visita a Dajla del teniente de alcalde, Martín Vila, en abril de 2019.</p>
<p><a href="https://www.amalesperanza.org/?attachment_id=5880" rel="attachment wp-att-5880"><img loading="lazy" decoding="async" class="aligncenter size-full wp-image-5880" src="https://www.amalesperanza.org/wp-content/uploads/2019/05/20190404_113210.jpg" alt="" width="5312" height="2988" srcset="https://www.amalesperanza.org/wp-content/uploads/2019/05/20190404_113210.jpg 5312w, https://www.amalesperanza.org/wp-content/uploads/2019/05/20190404_113210-300x169.jpg 300w, https://www.amalesperanza.org/wp-content/uploads/2019/05/20190404_113210-768x432.jpg 768w, https://www.amalesperanza.org/wp-content/uploads/2019/05/20190404_113210-1024x576.jpg 1024w" sizes="auto, (max-width: 5312px) 100vw, 5312px" /></a></p>

<p>El hospital regional de Dajla tiene un suministro de baja tensión de más de un kilómetro de longitud, lo que se traduce en bajas de voltaje permanente, desconexiones de aparatos médicos y averías constantes, y la imposibilidad de garantizar un servicio mínimo a la población de este campamentos que, recordemos, es el más alejado, a &hellip; <a href="https://www.amalesperanza.org/?page_id=5878" class="more-link">Sigue leyendo <span class="screen-reader-text">Electrificación del Hospital Regional de Dajla</span></a></p>
